{"id":10,"date":"2016-10-03T09:11:44","date_gmt":"2016-10-03T09:11:44","guid":{"rendered":"http:\/\/www.aterratreme.pt\/infantil\/?page_id=10"},"modified":"2017-09-28T15:25:07","modified_gmt":"2017-09-28T15:25:07","slug":"o-que-fazer-em-caso-de-sismo","status":"publish","type":"page","link":"https:\/\/www.aterratreme.pt\/infantil\/o-que-fazer-em-caso-de-sismo\/","title":{"rendered":"Durante e depois de um sismo"},"content":{"rendered":"<style type=\"text\/css\"><\/style><h1><span style=\"color: #fb6b47;\"><strong>Durante\u00a0um sismo<\/strong><\/span><\/h1>\n<h2 style=\"text-align: justify;\"><span style=\"color: #fb6b47;\"><strong>Se estiver dentro de casa ou de qualquer outro edif\u00edcio<\/strong><\/span><\/h2>\n<h3 style=\"text-align: justify;\">Se estiveres num dos andares superiores, n\u00e3o te precipites para as escadas e nunca utilizes os elevadores. Abriga-te no v\u00e3o de uma porta interior, nos cantos das salas ou debaixo de uma mesa ou cama. Mant\u00e9m-te afastado de janelas e espelhos e tem muito cuidado com a queda de candeeiros, m\u00f3veis ou outros objecto.<\/h3>\n<h1 style=\"text-align: center;\"><span style=\"color: #65517a;\"><strong>Executa os 3 gestos que protegem:<\/strong><\/span><\/h1>\n<h3 style=\"text-align: justify;\">Durante um sismo \u00e9 importante ficar calmo e protegermo-nos debaixo de uma mesa ou da cama. Por isso devemos <span style=\"color: #65517a;\"><b>baixar-nos<\/b><\/span> sobre os joelhos, que \u00e9 uma posi\u00e7\u00e3o que evita uma queda e <span style=\"color: #65517a;\"><b>proteger<\/b><\/span> a cabe\u00e7a e o pesco\u00e7o com os bra\u00e7os e as m\u00e3os.\u00a0Por fim, <span style=\"color: #65517a;\"><b>aguardar<\/b><\/span> at\u00e9 que a terra pare de tremer.<\/h3>\n<h1 style=\"text-align: center;\"><img loading=\"lazy\" class=\"wp-image-259 aligncenter\" src=\"https:\/\/www.aterratreme.pt\/infantil\/wp-content\/uploads\/2016\/10\/1-1.png\" alt=\"1\" width=\"176\" height=\"234\" srcset=\"https:\/\/www.aterratreme.pt\/infantil\/wp-content\/uploads\/2016\/10\/1-1.png 439w, https:\/\/www.aterratreme.pt\/infantil\/wp-content\/uploads\/2016\/10\/1-1-226x300.png 226w\" sizes=\"(max-width: 176px) 100vw, 176px\" \/><img loading=\"lazy\" class=\"size-full wp-image-38 aligncenter\" src=\"https:\/\/www.aterratreme.pt\/infantil\/wp-content\/uploads\/2016\/10\/Drop_Cover_Hold_On_ESP_Blue_Orange1.png\" alt=\"drop_cover_hold_on_esp_blue_orange1\" width=\"718\" height=\"236\" srcset=\"https:\/\/www.aterratreme.pt\/infantil\/wp-content\/uploads\/2016\/10\/Drop_Cover_Hold_On_ESP_Blue_Orange1.png 718w, https:\/\/www.aterratreme.pt\/infantil\/wp-content\/uploads\/2016\/10\/Drop_Cover_Hold_On_ESP_Blue_Orange1-300x99.png 300w, https:\/\/www.aterratreme.pt\/infantil\/wp-content\/uploads\/2016\/10\/Drop_Cover_Hold_On_ESP_Blue_Orange1-580x191.png 580w\" sizes=\"(max-width: 718px) 100vw, 718px\" \/><\/h1>\n<h2><span style=\"color: #fb6b47;\"><strong>Se estiver na rua\u00a0<\/strong><\/span><\/h2>\n<h3 style=\"text-align: justify;\">Deves afastar-te de \u00e1rvores, postes el\u00e9tricos, muros e edif\u00edcios. Deves ter cuidado com os cabos de alta tens\u00e3o ca\u00eddos e com os objetos que estejam em contacto com eles.<\/h3>\n<h3 style=\"text-align: justify;\">\u00c9 importante procurar um local distante dos edif\u00edcios como as pra\u00e7as, jardins ou avenidas amplas e se vivemos no meio rural devemos dirigir-nos para um descampado.<\/h3>\n<h3 style=\"text-align: justify;\"><span style=\"color: #65517a;\"><b>As ruas devem ficar livres para os ve\u00edculos de socorro passarem<\/b>.<\/span> Mas se estivermos a viajar com a fam\u00edlia \u00e9 conveniente ficar dentro do carro e esperar que tudo acalme at\u00e9 podermos ir para um local longe dos edif\u00edcios.<\/h3>\n<h3 style=\"text-align: justify;\">Ligando o r\u00e1dio ficamos a conhecer as orienta\u00e7\u00f5es da Prote\u00e7\u00e3o Civil e se \u00e9 poss\u00edvel voltar para casa.<\/h3>\n<h3 style=\"text-align: justify;\"><span style=\"color: #65517a;\"><b>Se nos encontrarmos na praia <\/b><\/span>quando um sismo ocorrer <span style=\"color: #65517a;\"><b>\u00e9 poss\u00edvel que surja um tsunami<\/b><\/span>. \u00c9 conveniente ir rapidamente para uma zona alta e afastada da costa. Mas se estivermos numa embarca\u00e7\u00e3o devemos afastarmo-nos da costa e ir para o alto-mar.<\/h3>\n<h2><span style=\"color: #fb6b47;\"><strong>Se estiver num local com grande concentra\u00e7\u00e3o de pessoas<\/strong><\/span><\/h2>\n<h3 style=\"text-align: justify;\">Fica dentro do edif\u00edcio at\u00e9 o sismo cessar, depois sai com calma, tendo aten\u00e7\u00e3o \u00e0s paredes, chamin\u00e9s, fios el\u00e9ctricos, candeeiros e outros objecto que possam cair. Durante o sismo, n\u00e3o te precipites para as sa\u00eddas. As escadas e portas s\u00e3o pontos que facilmente se enchem de escombros e podem ficar obstru\u00eddos por pessoas que tentem deixar o edif\u00edcio.<\/h3>\n<h1><\/h1>\n<h1><span style=\"color: #fb6b47;\"><strong>Depois\u00a0<\/strong><strong>de um sismo<\/strong><\/span><\/h1>\n<h3><span style=\"color: #65517a;\"><b>Vamos cuidar da nossa fam\u00edlia e dos mais vulner\u00e1veis <\/b><\/span>se estivermos em casa. Na escola<span style=\"color: #65517a;\"><b>\u00a0vamos ajudar os amigos e os professores<\/b>.<\/span><\/h3>\n<h3 style=\"text-align: justify;\">\u00c9 importante avaliar com aten\u00e7\u00e3o o que se passa \u00e0 nossa volta e n\u00e3o nos precipitarmos. Se ficarmos presos podemos comunicar com o exterior batendo com algum objeto, usando um apito ou at\u00e9 o som do telem\u00f3vel.<\/h3>\n<h3 style=\"text-align: justify;\">Se for necess\u00e1rio abandonar o local, n\u00e3o usamos o elevador mas sim as escadas. No entanto \u00e9 preciso verificar se elas resistem ao peso ou n\u00e3o apresentam rachas.<\/h3>\n<h3 style=\"text-align: justify;\">Devemos cal\u00e7ar botas ou sapatos resistentes por causa dos destro\u00e7os, dos vidros partidos e dos cabos de eletricidade soltos.<\/h3>\n<h3 style=\"text-align: justify;\"><span style=\"color: #65517a;\"><strong>N\u00e3o esquecer:<\/strong><\/span> \u00e9 frequente existirem fugas de g\u00e1s ap\u00f3s um sismo, ent\u00e3o n\u00e3o devemos acender f\u00f3sforos ou isqueiros, nem ligar o interruptor mesmo que seja de noite. Vamos usar uma lanterna e cortar o g\u00e1s, a \u00e1gua e a eletricidade por precau\u00e7\u00e3o.<\/h3>\n<p>&nbsp;<\/p>\n","protected":false},"excerpt":{"rendered":"<p>Durante\u00a0um sismo Se estiver dentro de casa ou de qualquer outro edif\u00edcio Se estiveres num dos andares superiores, n\u00e3o te precipites para as escadas e nunca utilizes os elevadores. Abriga-te&#8230;<\/p>\n","protected":false},"author":1,"featured_media":0,"parent":0,"menu_order":0,"comment_status":"closed","ping_status":"closed","template":"","meta":[],"_links":{"self":[{"href":"https:\/\/www.aterratreme.pt\/infantil\/wp-json\/wp\/v2\/pages\/10"}],"collection":[{"href":"https:\/\/www.aterratreme.pt\/infantil\/wp-json\/wp\/v2\/pages"}],"about":[{"href":"https:\/\/www.aterratreme.pt\/infantil\/wp-json\/wp\/v2\/types\/page"}],"author":[{"embeddable":true,"href":"https:\/\/www.aterratreme.pt\/infantil\/wp-json\/wp\/v2\/users\/1"}],"replies":[{"embeddable":true,"href":"https:\/\/www.aterratreme.pt\/infantil\/wp-json\/wp\/v2\/comments?post=10"}],"version-history":[{"count":25,"href":"https:\/\/www.aterratreme.pt\/infantil\/wp-json\/wp\/v2\/pages\/10\/revisions"}],"predecessor-version":[{"id":306,"href":"https:\/\/www.aterratreme.pt\/infantil\/wp-json\/wp\/v2\/pages\/10\/revisions\/306"}],"wp:attachment":[{"href":"https:\/\/www.aterratreme.pt\/infantil\/wp-json\/wp\/v2\/media?parent=10"}],"curies":[{"name":"wp","href":"https:\/\/api.w.org\/{rel}","templated":true}]}}